{"id":30,"date":"2024-01-13T05:38:32","date_gmt":"2024-01-13T05:38:32","guid":{"rendered":"https:\/\/dbuus.dk\/?page_id=30"},"modified":"2024-01-14T08:02:12","modified_gmt":"2024-01-14T08:02:12","slug":"handelsbetingelser","status":"publish","type":"page","link":"https:\/\/dbuus.dk\/index.php\/handelsbetingelser\/","title":{"rendered":"Handelsbetingelser"},"content":{"rendered":"\n<p>Bestilling<br>N\u00e5r du handler hos d.Buus skal du afgive en r\u00e6kke oplysninger navn, adresse, e-mailadresse og telefonnummer. Disse oplysninger er n\u00f8dvendige fordi vi selvf\u00f8lgelig skal vide hvor vi skal sende varerne til men ogs\u00e5 for at vi kan kontakte dig hvis der er problemer med din ordre i form af udsolgte varer eller lignende.<br>Har du sp\u00f8rgsm\u00e5l til brugen af webshoppen eller varerne er du altid velkommen til at kontakte os p\u00e5 e-mail.<\/p>\n\n\n\n<p>Betaling<br>N\u00e5r du bestiller varer hos d.Buus kan du v\u00e6lge at betale din ordre p\u00e5 en af f\u00f8lgende m\u00e5der:<\/p>\n\n\n\n<p>Bankoverf\u00f8rsel<br>Hvis du v\u00e6lger betaling via bankoverf\u00f8rsel afsendes dine vare n\u00e5r vi modtager betalingen. Hvis ikke betalingen er modtaget senest 5 bankdage efter bestilling annulleres ordren. Kontooplysninger til brug ved betalingen vil fremg\u00e5 af din ordrebekr\u00e6ftelse.<\/p>\n\n\n\n<p>PayPal<\/p>\n\n\n\n<p>Levering<br>Ordre hos d.Buus leveres med E-mail til den oplyste E-mail adresse.<\/p>\n\n\n\n<p>Fortrydelsesret<br>Bestillinger hos d.Buus er omfattet reglerne om fjernsalg i d\u00f8rsalgsloven. Det betyder at du som kunde har 14 dages fuld returret. Hvis du \u00f8nsker at g\u00f8re brug af din returret skal dette meddeles os hurtigst muligt efter modtagelsen.<\/p>\n\n\n\n<p>Fortrydelsesret p\u00e5 download: N\u00e5r en k\u00f8bt fil er downloadet, fraskriver du dig fortrydelsesretten.<\/p>\n\n\n\n<p>Du er p\u00e5 ingen m\u00e5de forpligtet til at angive nogen grund til returneringen, men vi vil s\u00e6tte pris p\u00e5 det hvis du alligevel g\u00f8r det. Uden tilbagemeldinger fra vore kunder er det sv\u00e6rt for os at vide hvor skal s\u00e6tte ind for at forbedre vort sortiment eller service.<\/p>\n\n\n\n<p>Ved fortrydelse af k\u00f8bet f\u00e5r du refunderet hele det fakturerede bel\u00f8b.<\/p>\n\n\n\n<p>Tilbagebetaling af k\u00f8bssummen sker som bankoverf\u00f8relse, og du skal derfor oplyse om dit pengeinstituts navn og dit registrerings &#8211; og kontonummer. Vi overf\u00f8rer pengene til din konto inden for 5 arbejdsdage efter vi har modtaget varerne fra dig.<br>Fortrolighed<br>d.Buus vil aldrig s\u00e6lge, eller p\u00e5 anden m\u00e5de g\u00f8re, oplysninger om sine kunder eller bes\u00f8gende tilg\u00e6ngelige for tredjemand. Dog er der et enkelt forbehold! Ved kriminelle forhold s\u00e5som kreditkortsvindel vil IP adressen blive videregivet til politiet, sammen med anmeldelse herom.<\/p>\n","protected":false},"excerpt":{"rendered":"<p>BestillingN\u00e5r du handler hos d.Buus skal du afgive en r\u00e6kke oplysninger navn, adresse, e-mailadresse og telefonnummer. Disse oplysninger er n\u00f8dvendige fordi vi selvf\u00f8lgelig skal vide hvor vi skal sende varerne til men ogs\u00e5 for at vi kan kontakte dig hvis der er problemer med din ordre i form af udsolgte varer eller lignende.Har du sp\u00f8rgsm\u00e5l [&hellip;]<\/p>\n","protected":false},"author":1,"featured_media":0,"parent":0,"menu_order":0,"comment_status":"closed","ping_status":"closed","template":"","meta":{"footnotes":""},"class_list":["post-30","page","type-page","status-publish","hentry","entry","owp-thumbs-layout-horizontal","owp-btn-normal","owp-tabs-layout-horizontal","has-no-thumbnails","has-product-nav"],"_links":{"self":[{"href":"https:\/\/dbuus.dk\/index.php\/wp-json\/wp\/v2\/pages\/30","targetHints":{"allow":["GET"]}}],"collection":[{"href":"https:\/\/dbuus.dk\/index.php\/wp-json\/wp\/v2\/pages"}],"about":[{"href":"https:\/\/dbuus.dk\/index.php\/wp-json\/wp\/v2\/types\/page"}],"author":[{"embeddable":true,"href":"https:\/\/dbuus.dk\/index.php\/wp-json\/wp\/v2\/users\/1"}],"replies":[{"embeddable":true,"href":"https:\/\/dbuus.dk\/index.php\/wp-json\/wp\/v2\/comments?post=30"}],"version-history":[{"count":3,"href":"https:\/\/dbuus.dk\/index.php\/wp-json\/wp\/v2\/pages\/30\/revisions"}],"predecessor-version":[{"id":166,"href":"https:\/\/dbuus.dk\/index.php\/wp-json\/wp\/v2\/pages\/30\/revisions\/166"}],"wp:attachment":[{"href":"https:\/\/dbuus.dk\/index.php\/wp-json\/wp\/v2\/media?parent=30"}],"curies":[{"name":"wp","href":"https:\/\/api.w.org\/{rel}","templated":true}]}}